{"id":173,"date":"2014-04-07T22:15:44","date_gmt":"2014-04-07T20:15:44","guid":{"rendered":"http:\/\/romantrapp.at\/?page_id=173"},"modified":"2024-04-16T21:53:18","modified_gmt":"2024-04-16T19:53:18","slug":"l-meter","status":"publish","type":"page","link":"https:\/\/www.romantrapp.at\/?page_id=173","title":{"rendered":"Induktivit\u00e4tsmessger\u00e4t L-Meter im Handgeh\u00e4use"},"content":{"rendered":"\n<p><em>Inductance meter in handheld case<\/em><\/p>\n\n\n\n<p>Mit diesem &#8211; von mir entwickelten und zusammengebauten Induktivit\u00e4ts-Messger\u00e4t (L-Meter) &#8211; ist es m\u00f6glich alle Arten von Induktivit\u00e4ten schnell und unkompliziert zu messen. Dank eines kleinen Handgeh\u00e4uses kann das L-Meter \u00fcberall und schnell eingesetzt werden. Durch den Einsatz eines Mikrocontrollers und des universellen Messbereichs wird die Induktivit\u00e4tsbestimmung zum Kinderspiel! Dieses Messger\u00e4t ist nicht nur f\u00fcr den Hobbyelektroniker geeignet, sondern auch in Labors wo schnell und unkompliziert Induktivit\u00e4ten zu bestimmen sind!<\/p>\n\n\n\n<p><i>With this inductivity measurement device (L-Meter), which was developed and assembled by me, it is possible to measure all kinds of inductivity in a quick and uncomplicated way. Due to the small hand-held case the L-Meter can quickly be used anywhere. Through the implementation of microcontrollers and due to the universal measurement area measuring inductivity becomes very easy! This measurement device is not only suitable for electronics amateurs but also for laboratories where inductivities have to be determined in an efficient and uncomplicated way!<\/i><\/p>\n\n\n\n<h1 class=\"wp-block-heading\">Allgemein | <i>General<\/i><\/h1>\n\n\n\n<p>Damals wurden Spulen haupts\u00e4chlich in der HF- oder in der Audiotechnik verwendet. Bei herk\u00f6mmlichen Schaltungen wurden sie nur sehr selten ben\u00f6tigt und meist auch gemieden. Doch heutzutage ist der Einsatz von Spulen gestiegen. In immer mehr Baugruppen sind Spulen zu finden. Sei es bei Schaltnetzteilen, oder f\u00fcr Filterschaltungen bei Mikrocontrolleranwendungen. Leider sind die meisten Spulen mit keinen Werten bedruck. Den Wert einer Spule kann man in den meisten F\u00e4llen nur messen. Leider sind herk\u00f6mmliche Multimeter mit dieser Funktion nicht ausgestattet. Mit diesem Induktivit\u00e4tsmessger\u00e4t hat nun jeder Elektroniker die M\u00f6glichkeit, mit geringem Aufwand den Wert einer Induktivit\u00e4t schnell und zuverl\u00e4ssig zu \u00fcberpr\u00fcfen.<\/p>\n\n\n\n<p><i>Previously inductors were mainly used within HF- or audio-technology. In standard circuits they were rarely required and furthermore mostly avoided. Nowadays the usage of inductors has increased and they can be found in a large number of assembly groups. Be it for switch power supplies, or for filter circuits in microcontroller applications. Unfortunately, most inductors do not have associated values. The value of an inductor in most cases can only be measured. However, standard multimeters are not equipped with this functionality. With this inductivity measurement device every electronics technician now has the possibility, to check the value of inductivity with little effort and in a quick and reliable way.<\/i><\/p>\n\n\n\n<h1 class=\"wp-block-heading\">Messprinzip | <i>Measurement Principle<\/i><\/h1>\n\n\n\n<p>Das Messprinzip basiert auf einem Parallelschwingkreis, bei dem die Resonanzfrequenz gemessen wird. Die Berechnung wird mit einem Mikrocontroller durchgef\u00fchrt. Um in der Praxis st\u00f6rendes Umschalten von Bereichen \u00fcberfl\u00fcssig zu machen, wurde ein Oszillator entwickelt, der einen extrem gro\u00dfen Frequenzbereich abdecken kann. Daher kommt das L-Meter mit nur einem Messbereich aus und es ist ein manuelles Umschalten des Messbereichs nicht notwendig.<\/p>\n\n\n\n<p><i>The measurement principle is based on a resonant circuit, in which the resonant frequency is measured. The calculation is done with a microcontroller. In order to avoid distracting switch over of ranges during operation, an oscillator was developed which is able to cover an extremely large frequency range. Therefore, the L-Meter can operate with only one measurement area and a manual switch-over of the measurement range is not necessary. <\/i><\/p>\n\n\n\n<h1 class=\"wp-block-heading\">Bereich &amp; Aufl\u00f6sung | <i> Range &amp; Resolution<\/i><\/h1>\n\n\n\n<p>Der Bereich und die Aufl\u00f6sung sind in der folgenden Tabelle ersichtlich.<\/p>\n\n\n\n<p><i>The range and the resolution can be taken from the following table.<\/i><\/p>\n\n\n\n<figure class=\"wp-block-table\"><table><tbody><tr><td><strong>Bereich<br><em>Range<\/em><\/strong><\/td><td><strong>Aufl\u00f6sung<br><em>Resolution<\/em><\/strong><\/td><\/tr><tr><td>0,1 &#8230; 999,9 \u00b5H<\/td><td>0,1 \u00b5H<\/td><\/tr><tr><td>0,1 &#8230; 999,9 mH<\/td><td>0,1 mH<\/td><\/tr><\/tbody><\/table><\/figure>\n\n\n<p>[xyz-ihs snippet=&#8220;LMeterBereich&#8220;]<\/p>\n\n\n\n<h1 class=\"wp-block-heading\">Messergebnisse &amp; Genauigkeit | <i><b>Measurement Results &amp; Precision<\/b><\/i><\/h1>\n\n\n\n<p>Als Vergleichsmessger\u00e4t wurde ein &#8222;Philips PM 6303 RCL meter&#8220;, welches eine Genauigkeit von <b>\u00b10,25%<\/b> besitzt, herangezogen.<br>Zwischen 0,1 \u00b5H und 100 mH betr\u00e4gt die Genauigkeit des L-Meters <b>\u00b11%<\/b>.<\/p>\n\n\n\n<p><i>As a benchmark device a &#8222;Philips PM 6303 RCL meter&#8220; with accuracy <b>\u00b10.25%<\/b> was used.<br>Between 0,1 \u00b5H and 100 mH the accuracy of the L-Meter is: <b>\u00b11%.<\/b><\/i><\/p>\n\n\n\n<figure class=\"wp-block-table\"><table><tbody><tr><td><strong>Sollwert<br>Desired Value<\/strong><\/td><td><strong>Philips PM 6303<\/strong><\/td><td><strong>L-Meter<\/strong><\/td><td><strong>Fehler<br>Error<\/strong><\/td><td><strong>Spulen (EPCOS)<br>Inductor (EPCOS)<\/strong><\/td><\/tr><tr><td>1 \u00b5H<\/td><td>1,00 \u00b5H<\/td><td>1,00 \u00b5H<\/td><td>0,0 %<\/td><td>B82144A2102K<\/td><\/tr><tr><td>4,7 \u00b5H<\/td><td>4,90 \u00b5H<\/td><td>4,9 \u00b5H<\/td><td>0,0 %<\/td><td>B82144A2472K<\/td><\/tr><tr><td>10 \u00b5H<\/td><td>9,85 \u00b5H<\/td><td>9,9 \u00b5H<\/td><td>0,5 %<\/td><td>B82144A2103K<\/td><\/tr><tr><td>22 \u00b5H<\/td><td>21,90 \u00b5H<\/td><td>22,1 \u00b5H<\/td><td>0,9 %<\/td><td>B82144A2223K<\/td><\/tr><tr><td>47 \u00b5H<\/td><td>47,50 \u00b5H<\/td><td>47,8 \u00b5H<\/td><td>0,6 %<\/td><td>B82144A2473J<\/td><\/tr><tr><td>100 \u00b5H<\/td><td>99,00 \u00b5H<\/td><td>99,6 \u00b5H<\/td><td>0,6 %<\/td><td>B82144A2104J<\/td><\/tr><tr><td>220 \u00b5H<\/td><td>216,20 \u00b5H<\/td><td>217,2 \u00b5H<\/td><td>0,5 %<\/td><td>B82144A2224J<\/td><\/tr><tr><td>470 \u00b5H<\/td><td>472,10 \u00b5H<\/td><td>474,2 \u00b5H<\/td><td>0,4 %<\/td><td>B82144A2474J<\/td><\/tr><tr><td>1 mH<\/td><td>980,40 \u00b5H<\/td><td>983,7 \u00b5H<\/td><td>-0,3 %<\/td><td>B82144A2105J<\/td><\/tr><tr><td>4,7 mH<\/td><td>4,61 mH<\/td><td>4,6 mH<\/td><td>-0,2 %<\/td><td>B82144A2475J<\/td><\/tr><tr><td>10 mH<\/td><td>10,17 mH<\/td><td>10,1 mH<\/td><td>-0,7 %<\/td><td>B82144A2106J<\/td><\/tr><tr><td>22 mH<\/td><td>22,31 mH<\/td><td>22,1 mH<\/td><td>-0,9 %<\/td><td>B82144A2226J<\/td><\/tr><tr><td>100 mH<\/td><td>102,10 mH<\/td><td>101,8 mH<\/td><td>0,3 %<\/td><td>B82144A2107J<\/td><\/tr><\/tbody><\/table><\/figure>\n\n\n<p>[xyz-ihs snippet=&#8220;LMeterMessergebnisse&#8220;]<\/p>\n\n\n\n<h1 class=\"wp-block-heading\">Bedienung | <i>Operation<\/i><\/h1>\n\n\n\n<p>Wie auf den Bildern zu sehen, befindet sich auf dem Messger\u00e4t ein \u201eOn-Off\u201c-Schalter, eine \u201eZero\u201c-Taste, zwei Bananenbuchsen und ein Display. Die zu messende Spule muss \u00fcber zwei Messleitungen (nicht im Lieferumfang) verbunden werden. Um Leitungsinduktivit\u00e4ten der Messleitungen zu vermeiden, ist es sinnvoll vor dem Messen der Induktivit\u00e4t einen Nullabgleich durchzuf\u00fchren. Dazu schlie\u00dft man die Messleitungen kurz und dr\u00fcckt kurz auf die \u201eZero\u201c-Taste. Dieser Wert wird gespeichert, so dass bei weitern Messungen (mit den gleichen Messleitungen) kein Nullabgleich mehr notwendig ist. Sollten andere Leitungen verwendet werden, einfach das Prozedere wiederholen. F\u00fcr den Betrieb des L-Meters ist eine 9-V-Blockbatterie (nicht im Lieferumfang) notwendig.<\/p>\n\n\n\n<p><b>In der Praxis zeigen sich die St\u00e4rken des L-Meters: <\/b><\/p>\n\n\n\n<ul class=\"wp-block-list\">\n<li>Unbekannte Spule anschlie\u00dfen und ablesen &#8211; fertig!<\/li>\n\n\n\n<li>Es ist kein manuelles Umschalten der Messbereiche und keine Dreihandbedienung mehr notwendig.<\/li>\n<\/ul>\n\n\n\n<p><i>As can be seen in the pictures, the measurement device features an \u2018On-Off\u2019 switch, a \u2018Zero\u2019-button, two banana jacks and a display. The inductor to be measured has to be connected via two test leads (not included). In order to avoid line inductances, it is recommended to perform a zero balance prior to measuring the inductivity. This is done by short-circuiting the test leads and shortly pressing the \u2018Zero\u2018- button. This value is stored so that during further measurements (with the same test leads) no further zero balance is necessary. If different leads are used, simply repeat the procedure. For the operation of the L-Meters a 9-V-Blockbatterie (not included) is required. <\/i><\/p>\n\n\n\n<p><i><b>The strength of the L-Meter is revealed during operation:<\/b><\/i><\/p>\n\n\n\n<ul class=\"wp-block-list\">\n<li><i>Connect unknown inductor and simply read the value!<\/i><\/li>\n\n\n\n<li><i>Manual switch-over of the measurement ranges and three-hand operation no longer required!<\/i><\/li>\n<\/ul>\n\n\n\n<h1 class=\"wp-block-heading\">Bilder | <em>Pictures<\/em><\/h1>\n\n\n\n<figure class=\"wp-block-gallery has-nested-images columns-4 is-cropped wp-block-gallery-1 is-layout-flex wp-block-gallery-is-layout-flex\">\n<figure class=\"wp-block-image size-large\"><img loading=\"lazy\" decoding=\"async\" width=\"1024\" height=\"741\" data-id=\"374\" src=\"https:\/\/romantrapp.at\/wp-content\/uploads\/L-Meter_01-1024x741.jpg\" alt=\"\" class=\"wp-image-374\" srcset=\"https:\/\/www.romantrapp.at\/wp-content\/uploads\/L-Meter_01-1024x741.jpg 1024w, https:\/\/www.romantrapp.at\/wp-content\/uploads\/L-Meter_01-300x217.jpg 300w, https:\/\/www.romantrapp.at\/wp-content\/uploads\/L-Meter_01-624x451.jpg 624w, https:\/\/www.romantrapp.at\/wp-content\/uploads\/L-Meter_01.jpg 1947w\" sizes=\"auto, (max-width: 1024px) 100vw, 1024px\" \/><figcaption class=\"wp-element-caption\">L-Meter_01<\/figcaption><\/figure>\n\n\n\n<figure class=\"wp-block-image size-large\"><img loading=\"lazy\" decoding=\"async\" width=\"1024\" height=\"802\" data-id=\"378\" src=\"https:\/\/romantrapp.at\/wp-content\/uploads\/L-Meter_02-1024x802.jpg\" alt=\"\" class=\"wp-image-378\" srcset=\"https:\/\/www.romantrapp.at\/wp-content\/uploads\/L-Meter_02-1024x802.jpg 1024w, https:\/\/www.romantrapp.at\/wp-content\/uploads\/L-Meter_02-300x235.jpg 300w, https:\/\/www.romantrapp.at\/wp-content\/uploads\/L-Meter_02-624x488.jpg 624w, https:\/\/www.romantrapp.at\/wp-content\/uploads\/L-Meter_02.jpg 1681w\" sizes=\"auto, (max-width: 1024px) 100vw, 1024px\" \/><figcaption class=\"wp-element-caption\">L-Meter_02<\/figcaption><\/figure>\n\n\n\n<figure class=\"wp-block-image size-large\"><img loading=\"lazy\" decoding=\"async\" width=\"1024\" height=\"682\" data-id=\"375\" src=\"https:\/\/romantrapp.at\/wp-content\/uploads\/L-Meter_03-1024x682.jpg\" alt=\"\" class=\"wp-image-375\" srcset=\"https:\/\/www.romantrapp.at\/wp-content\/uploads\/L-Meter_03-1024x682.jpg 1024w, https:\/\/www.romantrapp.at\/wp-content\/uploads\/L-Meter_03-300x200.jpg 300w, https:\/\/www.romantrapp.at\/wp-content\/uploads\/L-Meter_03-624x416.jpg 624w\" sizes=\"auto, (max-width: 1024px) 100vw, 1024px\" \/><figcaption class=\"wp-element-caption\">L-Meter_03<\/figcaption><\/figure>\n\n\n\n<figure class=\"wp-block-image size-large\"><img loading=\"lazy\" decoding=\"async\" width=\"1024\" height=\"682\" data-id=\"379\" src=\"https:\/\/romantrapp.at\/wp-content\/uploads\/L-Meter_04-1024x682.jpg\" alt=\"\" class=\"wp-image-379\" srcset=\"https:\/\/www.romantrapp.at\/wp-content\/uploads\/L-Meter_04-1024x682.jpg 1024w, https:\/\/www.romantrapp.at\/wp-content\/uploads\/L-Meter_04-300x200.jpg 300w, https:\/\/www.romantrapp.at\/wp-content\/uploads\/L-Meter_04-624x416.jpg 624w\" sizes=\"auto, (max-width: 1024px) 100vw, 1024px\" \/><figcaption class=\"wp-element-caption\">L-Meter_04<\/figcaption><\/figure>\n\n\n\n<figure class=\"wp-block-image size-large\"><img loading=\"lazy\" decoding=\"async\" width=\"1024\" height=\"682\" data-id=\"376\" src=\"https:\/\/romantrapp.at\/wp-content\/uploads\/L-Meter_05-1024x682.jpg\" alt=\"\" class=\"wp-image-376\" srcset=\"https:\/\/www.romantrapp.at\/wp-content\/uploads\/L-Meter_05-1024x682.jpg 1024w, https:\/\/www.romantrapp.at\/wp-content\/uploads\/L-Meter_05-300x200.jpg 300w, https:\/\/www.romantrapp.at\/wp-content\/uploads\/L-Meter_05-624x416.jpg 624w\" sizes=\"auto, (max-width: 1024px) 100vw, 1024px\" \/><figcaption class=\"wp-element-caption\">L-Meter_05<\/figcaption><\/figure>\n\n\n\n<figure class=\"wp-block-image size-large\"><img loading=\"lazy\" decoding=\"async\" width=\"1024\" height=\"732\" data-id=\"380\" src=\"https:\/\/romantrapp.at\/wp-content\/uploads\/L-Meter_06-1024x732.jpg\" alt=\"\" class=\"wp-image-380\" srcset=\"https:\/\/www.romantrapp.at\/wp-content\/uploads\/L-Meter_06-1024x732.jpg 1024w, https:\/\/www.romantrapp.at\/wp-content\/uploads\/L-Meter_06-300x214.jpg 300w, https:\/\/www.romantrapp.at\/wp-content\/uploads\/L-Meter_06-624x446.jpg 624w, https:\/\/www.romantrapp.at\/wp-content\/uploads\/L-Meter_06.jpg 1992w\" sizes=\"auto, (max-width: 1024px) 100vw, 1024px\" \/><figcaption class=\"wp-element-caption\">L-Meter_06<\/figcaption><\/figure>\n\n\n\n<figure class=\"wp-block-image size-large\"><img loading=\"lazy\" decoding=\"async\" width=\"1024\" height=\"682\" data-id=\"377\" src=\"https:\/\/romantrapp.at\/wp-content\/uploads\/L-Meter_07-1024x682.jpg\" alt=\"\" class=\"wp-image-377\" srcset=\"https:\/\/www.romantrapp.at\/wp-content\/uploads\/L-Meter_07-1024x682.jpg 1024w, https:\/\/www.romantrapp.at\/wp-content\/uploads\/L-Meter_07-300x200.jpg 300w, https:\/\/www.romantrapp.at\/wp-content\/uploads\/L-Meter_07-624x416.jpg 624w\" sizes=\"auto, (max-width: 1024px) 100vw, 1024px\" \/><figcaption class=\"wp-element-caption\">L-Meter_07<\/figcaption><\/figure>\n\n\n\n<figure class=\"wp-block-image size-large\"><img loading=\"lazy\" decoding=\"async\" width=\"1024\" height=\"732\" data-id=\"381\" src=\"https:\/\/romantrapp.at\/wp-content\/uploads\/L-Meter_08-1024x732.jpg\" alt=\"\" class=\"wp-image-381\" srcset=\"https:\/\/www.romantrapp.at\/wp-content\/uploads\/L-Meter_08-1024x732.jpg 1024w, https:\/\/www.romantrapp.at\/wp-content\/uploads\/L-Meter_08-300x214.jpg 300w, https:\/\/www.romantrapp.at\/wp-content\/uploads\/L-Meter_08-624x446.jpg 624w\" sizes=\"auto, (max-width: 1024px) 100vw, 1024px\" \/><figcaption class=\"wp-element-caption\">L-Meter_08<\/figcaption><\/figure>\n<\/figure>\n\n\n\n<h1 class=\"wp-block-heading\">Kontakt | <em>Contact<\/em><\/h1>\n\n\n<div class=\"wpforms-container wpforms-container-full wpforms-block wpforms-block-933473eb-56de-4455-9c75-063a0cc92b53\" id=\"wpforms-988\"><form id=\"wpforms-form-988\" class=\"wpforms-validate wpforms-form wpforms-ajax-form\" data-formid=\"988\" method=\"post\" enctype=\"multipart\/form-data\" action=\"\/index.php?rest_route=%2Fwp%2Fv2%2Fpages%2F173\" data-token=\"5c6d057248287e5ab5d4c291f8a1917e\" data-token-time=\"1777789167\"><noscript class=\"wpforms-error-noscript\">Bitte aktiviere JavaScript in deinem Browser, um dieses Formular fertigzustellen.<\/noscript><div class=\"wpforms-field-container\"><div id=\"wpforms-988-field_1-container\" class=\"wpforms-field wpforms-field-name\" data-field-id=\"1\"><label class=\"wpforms-field-label\" for=\"wpforms-988-field_1\">Name <span class=\"wpforms-required-label\">*<\/span><\/label><input type=\"text\" id=\"wpforms-988-field_1\" class=\"wpforms-field-medium wpforms-field-required\" name=\"wpforms[fields][1]\" required><\/div><div id=\"wpforms-988-field_2-container\" class=\"wpforms-field wpforms-field-email\" data-field-id=\"2\"><label class=\"wpforms-field-label\">E-Mail <span class=\"wpforms-required-label\">*<\/span><\/label><div class=\"wpforms-field-row wpforms-field-medium\"><div class=\"wpforms-field-row-block wpforms-one-half wpforms-first\"><input type=\"email\" id=\"wpforms-988-field_2\" class=\"wpforms-field-required wpforms-field-email-primary\" name=\"wpforms[fields][2][primary]\" spellcheck=\"false\" required><label for=\"wpforms-988-field_2\" class=\"wpforms-field-sublabel after\">E-Mail-Adresse<\/label><\/div><div class=\"wpforms-field-row-block wpforms-one-half\"><input type=\"email\" id=\"wpforms-988-field_2-secondary\" class=\"wpforms-field-email-secondary wpforms-field-required\" data-rule-confirm=\"#wpforms-988-field_2\" name=\"wpforms[fields][2][secondary]\" spellcheck=\"false\" required><label for=\"wpforms-988-field_2-secondary\" class=\"wpforms-field-sublabel after\">E-Mail best\u00e4tigen<\/label><\/div><\/div><\/div><div id=\"wpforms-988-field_4-container\" class=\"wpforms-field wpforms-field-textarea\" data-field-id=\"4\"><label class=\"wpforms-field-label\" for=\"wpforms-988-field_4\">Nachricht <span class=\"wpforms-required-label\">*<\/span><\/label><textarea id=\"wpforms-988-field_4\" class=\"wpforms-field-medium wpforms-field-required\" name=\"wpforms[fields][4]\" required><\/textarea><\/div><\/div><!-- .wpforms-field-container --><div class=\"wpforms-recaptcha-container wpforms-is-recaptcha wpforms-is-recaptcha-type-v3\" ><input type=\"hidden\" name=\"wpforms[recaptcha]\" value=\"\"><\/div><div class=\"wpforms-submit-container\" ><input type=\"hidden\" name=\"wpforms[id]\" value=\"988\"><input type=\"hidden\" name=\"page_title\" value=\"\"><input type=\"hidden\" name=\"page_url\" value=\"https:\/\/www.romantrapp.at\/index.php?rest_route=\/wp\/v2\/pages\/173\"><input type=\"hidden\" name=\"url_referer\" value=\"\"><button type=\"submit\" name=\"wpforms[submit]\" id=\"wpforms-submit-988\" class=\"wpforms-submit\" data-alt-text=\"Senden\u2026\" data-submit-text=\"Absenden\" aria-live=\"assertive\" value=\"wpforms-submit\">Absenden<\/button><img loading=\"lazy\" decoding=\"async\" src=\"https:\/\/www.romantrapp.at\/wp-content\/plugins\/wpforms-lite\/assets\/images\/submit-spin.svg\" class=\"wpforms-submit-spinner\" style=\"display: none;\" width=\"26\" height=\"26\" alt=\"Wird geladen\"><\/div><\/form><\/div>  <!-- .wpforms-container -->","protected":false},"excerpt":{"rendered":"<p>Inductance meter in handheld case Mit diesem &#8211; von mir entwickelten und zusammengebauten Induktivit\u00e4ts-Messger\u00e4t (L-Meter) &#8211; ist es m\u00f6glich alle Arten von Induktivit\u00e4ten schnell und unkompliziert zu messen. Dank eines kleinen Handgeh\u00e4uses kann das L-Meter \u00fcberall und schnell eingesetzt werden. Durch den Einsatz eines Mikrocontrollers und des universellen Messbereichs wird die Induktivit\u00e4tsbestimmung zum Kinderspiel! Dieses [&hellip;]<\/p>\n","protected":false},"author":1,"featured_media":374,"parent":186,"menu_order":0,"comment_status":"open","ping_status":"closed","template":"page-templates\/full-width.php","meta":{"footnotes":""},"class_list":["post-173","page","type-page","status-publish","has-post-thumbnail","hentry"],"_links":{"self":[{"href":"https:\/\/www.romantrapp.at\/index.php?rest_route=\/wp\/v2\/pages\/173","targetHints":{"allow":["GET"]}}],"collection":[{"href":"https:\/\/www.romantrapp.at\/index.php?rest_route=\/wp\/v2\/pages"}],"about":[{"href":"https:\/\/www.romantrapp.at\/index.php?rest_route=\/wp\/v2\/types\/page"}],"author":[{"embeddable":true,"href":"https:\/\/www.romantrapp.at\/index.php?rest_route=\/wp\/v2\/users\/1"}],"replies":[{"embeddable":true,"href":"https:\/\/www.romantrapp.at\/index.php?rest_route=%2Fwp%2Fv2%2Fcomments&post=173"}],"version-history":[{"count":24,"href":"https:\/\/www.romantrapp.at\/index.php?rest_route=\/wp\/v2\/pages\/173\/revisions"}],"predecessor-version":[{"id":1193,"href":"https:\/\/www.romantrapp.at\/index.php?rest_route=\/wp\/v2\/pages\/173\/revisions\/1193"}],"up":[{"embeddable":true,"href":"https:\/\/www.romantrapp.at\/index.php?rest_route=\/wp\/v2\/pages\/186"}],"wp:featuredmedia":[{"embeddable":true,"href":"https:\/\/www.romantrapp.at\/index.php?rest_route=\/wp\/v2\/media\/374"}],"wp:attachment":[{"href":"https:\/\/www.romantrapp.at\/index.php?rest_route=%2Fwp%2Fv2%2Fmedia&parent=173"}],"curies":[{"name":"wp","href":"https:\/\/api.w.org\/{rel}","templated":true}]}}